 common divisor of 24 and f.
24
Suppose -95 = -2*a - 3*a. Suppose -3*c + a = -f, -3*c + 3*f - 4 = -13. What is the greatest common factor of 56 and c?
8
Let w(a) be the third derivative of 0*a - 1/24*a**4 + 9/10*a**5 + 0*a**3 + 0 - 4*a**2. Let j be w(-1). What is the highest common factor of j and 5?
5
Suppose -3*b + 534 = 5*j, -324 = -4*j + 2*b + 112. Let r = j + -63. What is the highest common divisor of r and 5?
5
Suppose j = 3*u + 5, -6 - 4 = -4*j + 2*u. Suppose 2*z - 34 = f, j*f + 86 = 5*z - 0*z. What is the highest common divisor of z and 27?
9
Let r(x) = 4*x - 16*x - 22 - 5*x + 0*x. Let z be r(-8). Calculate the greatest common divisor of 6 and z.
6
Let g = -50 - -78. Let y = 43 - g. Let r(u) = u**2 + u - 2. Let p be r(-4). What is the greatest common factor of y and p?
5
Suppose -49*r + 8410 = -39*r. Calculate the greatest common divisor of r and 87.
29
Let u(k) = -2*k - 3*k + 9 + 3*k + k. Let y be u(-10). Let c = -44 - -63. Calculate the greatest common divisor of c and y.
19
Let h = -26 + 29. Let i be 16/6 + h/9. What is the highest common factor of 1 and i?
1
Let q(d) = -3*d + 3. Let g be q(0). Let y = -6 + 9. Suppose 0 = g*m + 5*h + 11 - 32, y*h + 28 = 4*m. Calculate the greatest common factor of 14 and m.
7
Let s be (-2 + -4)*312/(-36). Calculate the highest common divisor of s and 39.
13
Suppose -2*k + 78 = -5*s + 6, -70 = -3*k - 2*s. Let v = k - 13. What is the highest common factor of 13 and v?
13
Let c be (-744)/155*(-15)/2. Calculate the greatest common divisor of c and 48.
12
Suppose 0 = -83*x - 94 + 1422. Let d(z) be the second derivative of -2*z**3/3 - z. Let j be d(-4). What is the highest common factor of j and x?
16
Let a(j) = 57*j**2 + 8*j + 15. Let x be a(-1). Calculate the greatest common factor of 72 and x.
8
Let s(v) = -89*v + 354. Let k be s(-14). What is the highest common divisor of k and 64?
64
Suppose 0 = 3*c - 88 + 46. What is the highest common divisor of c and 1834?
14
Let g(r) = 140*r**2 + 3*r - 3. Let u be g(1). What is the greatest common factor of u and 56?
28
Let d(q) = q**2 + 3*q - 6. Let i be d(-7). Let y = 458 - 260. Calculate the highest common factor of y and i.
22
Let j be (-2 + 0)/1 - -7. Suppose -j*v + 11 + 34 = 0. Suppose 4*p + 300 = v*p. What is the highest common factor of p and 10?
10
Suppose 0 = -61*z + 53*z + 152. What is the greatest common divisor of 57 and z?
19
Let t = 17 + -2. Suppose 0 = -3*u + 24. Suppose 0 = 3*g - u*g + 150. Calculate the highest common factor of t and g.
15
Let t(p) = 20*p**3 + 2*p**2 - 2*p + 1. Let j be t(1). Suppose 4*x + 26 = 38. Calculate the greatest common factor of j and x.
3
Suppose -n = -3*l - l + 637, -l - 5*n + 175 = 0. What is the greatest common divisor of 416 and l?
32
Suppose 0*h - 4*h + 40 = 0. Suppose 0 = -m - 3*k - 2*k + h, -2*k = -2*m + 8. Let c be (-3 - -13)*14/m. Calculate the greatest common factor of 42 and c.
14
Let n = -14 + 26. Suppose 0 = 65*b - 58*b - 210. What is the greatest common factor of n and b?
6
Let n = -1765 - -1821. Let u(o) = o**2 + 2*o + 6. Let r be u(-4). Calculate the greatest common divisor of n and r.
14
Suppose 3*j = 147 - 24. Let b = 252 + -88. What is the greatest common factor of b and j?
41
Suppose -3*j + 5*j - 4 = 0. Let f be 180/35 + j/(-14). Suppose -5*m = 2*r - 276, -3*m - f*r = -r - 160. What is the greatest common divisor of 8 and m?
8
Let k(i) = -i**2 + 8*i - 3. Let q be k(7). Suppose a = q*a. Suppose -3*y + 21 + 24 = a. Calculate the highest common divisor of 15 and y.
15
Let d = 1396 + -1324. What is the highest common factor of d and 684?
36
Let w(p) = p**3 + 25*p**2 - 59*p - 127. Let k be w(-27). What is the greatest common divisor of k and 776?
8
Let x(f) = f**3 - 12*f**2 + 13*f - 23. Let n be x(11). Let u be n/(-5)*(5 + 80). What is the greatest common divisor of 34 and u?
17
Suppose 9 = -y + 1. Let q be y/(0 - (-2)/(-16)). Suppose -6*s = 145 - 193. Calculate the greatest common factor of s and q.
8
Let m(a) = 93*a - 104. Let c be m(3). What is the highest common divisor of c and 25?
25
Let m(a) be the second derivative of 7*a**3/6 - a. Let r be m(1). Let g be (-7)/(r/(-54)) - -2. Calculate the highest common divisor of g and 8.
8
Let v be 1 - 1 - 1/1. Let a be (-47 - 1)*v/3. Suppose -4*r + 44 = -a. What is the greatest common divisor of r and 15?
15
Suppose 60 = 47*s - 46*s. Calculate the greatest common factor of s and 744.
12
Suppose -3*n - 41 + 47 = 0. Let s = -66 - -105. Suppose n*l - 33 - s = 0. What is the highest common divisor of l and 12?
12
Suppose 91*o = 93*o - 4*f - 1460, 3*f - 745 = -o. Calculate the greatest common divisor of o and 138.
46
Suppose 3*n - 5*k + 4 = -11, -12 = -2*n - 4*k. Let s(i) = i + 22. Let h be s(n). Calculate the highest common divisor of h and 110.
22
Suppose 67 = 2*v - 5*w - 128, -3*v + 3*w = -288. Suppose -58 - v = -p. Let r = p - 90. Calculate the greatest common factor of r and 21.
21
Let h = 87 + -16. Let f = h - 59. Calculate the highest common factor of f and 24.
12
Let i(j) = -2*j**3 - 4*j**2 - 5*j - 3. Let v be i(-3). Suppose -8*u + 5*s = -2400, 4*s + 300 = u + 3*s. What is the highest common factor of v and u?
30
Suppose 93*w = 7828 - 295. Let z(s) = 3*s**2 + s - 1. Let f be z(-2). What is the greatest common factor of w and f?
9
Suppose 0 = -4*g + 11 + 1. Let m(t) = t**3 - 3*t**2 + 2*t - 1. Let z be m(g). What is the highest common divisor of z and 100?
5
Let i = 354 + -331. Calculate the greatest common factor of 115 and i.
23
Let i(j) = -7*j + 3*j + 3*j + 6. Let d be i(3). Let o be 1 + -3 - (-33)/d. What is the highest common divisor of o and 3?
3
Let f = 7066 - 7052. Suppose -w + 5*c + 2 = -118, 4*w = 5*c + 540. What is the highest common divisor of f and w?
14
Let f(k) = -2*k**2 + 12*k + 6. Let b be 69/12 - (0 - 1/4). Let a be f(b). What is the highest common divisor of a and 12?
6
Let b = -51 - -123. Let c be 2/1 + (b/6)/4. What is the highest common factor of 1 and c?
1
Let v(h) = 26*h**2 + h - 1. Let z be v(-1). Let k be 40/z + (-4)/6. What is the greatest common factor of k and 11?
1
Let c = 22 + -20. Suppose 4*d - 3*p = 44, -d + c*p - 24 = -5*d. Let b(v) = 2*v - 8. Let i be b(d). Calculate the greatest common divisor of 4 and i.
4
Suppose -2*t + 2 - 2 = 0. Let y be 11 + (-1 - (t - -3)). Calculate the highest common factor of y and 49.
7
Let o be 4/6*855/30 - 4. Suppose -2*k + 0 = 2, -23 = -4*g + 3*k. Calculate the greatest common divisor of g and o.
5
Let w = 89 - 69. Calculate the highest common divisor of w and 100.
20
Let g = 385 + -225. What is the greatest common divisor of 10 and g?
10
Suppose -622 + 154 = -12*a. What is the greatest common divisor of 26 and a?
13
Let z(i) = -2*i + 25*i - 7*i + 1 - i**2 - 2. Let g be z(13). Let s be (-1)/(1/(-18 - 1)). Calculate the greatest common factor of g and s.
19
Suppose -3*r + 29 = -4*m - 31, -3*m - 25 = -r. Let n = -530 - -787. Suppose -17 = 6*y - n. Calculate the highest common divisor of y and r.
8
Let k = 516 - 263. Calculate the greatest common divisor of k and 69.
23
Let q = 132 - 121. Suppose 0 = 7*x - q*x + 88. Calculate the highest common divisor of x and 22.
22
Let w = 54 + -52. Suppose -4*c = -3*c - 2*f - 125, w*c + 4*f - 242 = 0. What is the highest common divisor of 82 and c?
41
Let x = 981 - 969. Calculate the greatest common factor of x and 384.
12
Let n(v) = 3*v**2 - 2*v - 3. Let m be n(-3). Let b = -2979 + 2989. What is the greatest common factor of b and m?
10
Let k = 5 - 1. Suppose 6*d - 96 = k*d. Suppose 4*l = 3*m + 140, -4*l = -3*l + 3*m - 20. What is the highest common factor of l and d?
16
Let i = 9 - 4. Let z = -10 - -14. Suppose -b + 19 = -3*m, b + 4*m + i = -z. Calculate the highest common factor of b and 28.
7
Let x(v) = v**2 + 4. Let s be x(-3). Let n(c) = 311*c**2 - 2*c - 1. Let i be n(-1). Let b = i - 208. What is the greatest common divisor of s and b?
13
Suppose 6*x + 9 + 15 = 0. Let g be ((0 - -2) + x)/(4/(-64)). What is the greatest common divisor of g and 80?
16
Let z be (-113)/(-1) + 5*(-5 - -4). Calculate the greatest common factor of 84 and z.
12
Let j(h) = -15*h + 90. Let z be j(5). What is the greatest common factor of 1065 and z?
15
Suppose -24 = -c - 5*n, 2*c + 4*n - 36 = -3*c. Suppose -c*x + 2*h = -260, 4*x + 4*h = 400 - 140. What is the greatest commo